e highest common divisor of w and 19?
19
Let y(m) = 4963 - 16*m**2 + 0*m - 4965 - m**3 - 2*m. Let b be y(-16). What is the highest common divisor of 105 and b?
15
Suppose o = -n - o + 325, -3*n + 4*o + 995 = 0. Suppose 333*a = n*a + 64. Calculate the greatest common divisor of a and 72.
8
Let v(s) = 6*s**2 - s + 3. Suppose -126 = 4*o + 2*f, 2*o + 61 = 3*f - 2*f. Let z = -28 - o. Let a be v(z). Calculate the highest common divisor of a and 27.
27
Let p = 77 - 34. Suppose 3*m = -x + p, -5*m + 68 = 4*x - 6*x. Calculate the greatest common factor of 42 and m.
14
Let q = 132 + -129. Suppose -12*m + 8*m = 3*w - 95, -2*m - 101 = -3*w. What is the greatest common divisor of q and w?
3
Suppose -257*z = -4*v - 252*z + 94, 5*v = 3*z + 111. What is the greatest common factor of 81 and v?
3
Suppose 0 = -i + 4*b - 94, -348 = 3*i + i - 2*b. Let z = 97 + i. Suppose 2*o = o + z. What is the greatest common factor of o and 22?
11
Let c be ((-16)/(-18))/(82/369). Suppose -a + 2*u - 7 = -74, -304 = -c*a - u. Calculate the highest common divisor of 45 and a.
15
Let y(x) be the second derivative of -x**5/20 - 5*x**4/6 + 35*x**3/6 - 4*x**2 - 3*x + 4. Let u be y(-13). Calculate the highest common factor of 242 and u.
22
Let p(a) = -a - 1. Let o(n) = 5*n + 9. Let z(l) = o(l) + 6*p(l). Let k be z(2). Let i = -26 - -30. Calculate the highest common divisor of i and k.
1
Let j(o) = 2192*o**3 + 9*o**2 - 19*o + 18. Let z be j(1). What is the greatest common factor of z and 800?
200
Let j(v) = -v**2 + 19*v + 87. Let c be j(23). Let g be (c + 225)*1 - -4. Calculate the greatest common factor of 7 and g.
7
Suppose 47 = 2*m - 9. Let u = -1082 - -1081. Let v be (0 + u)/((-2)/m). What is the highest common divisor of v and 14?
14
Let o(m) = -m + 1. Let v be o(-4). Suppose 4*t + 76 = -5*z - 149, -v = t. Let i = z - -56. What is the greatest common divisor of i and 3?
3
Let q = 27 - 13. Suppose -11*n = -15410 + 13716. Calculate the greatest common divisor of q and n.
14
Let z = -59 + 104. Let f(b) = 76*b - 1. Suppose -c + 4*c = 2*s + 7, -5*s + 17 = 4*c. Let y be f(s). What is the greatest common divisor of z and y?
15
Let t = -256 + 450. Let z = t + -59. What is the greatest common divisor of z and 15?
15
Suppose 16*c - 38 = -3*c. Suppose 3 = 4*v - 5*v. Let i be 18/v*(-2)/6. Calculate the greatest common factor of i and c.
2
Suppose 6*r = r + 4*c - 64, -5*r = 2*c + 88. Suppose 367 = -40*p - 193. Let m = p - r. What is the greatest common divisor of m and 18?
2
Let j(h) = h**3 + 20*h**2 - 184*h - 3190. Let y be j(-19). Suppose 2*s + 14 = 3*s + 5*n, 0 = 5*s - 2*n - 151. Calculate the highest common divisor of y and s.
29
Suppose -a = 0, 3*l - 2*a - 43 = 23. Let p be (9 + -41)/8 - -3. Let j be p - -5 - 7519/(-103). Calculate the highest common divisor of l and j.
11
Let s be (-96)/((-7 - -3) + 3). Let v be 1/(-3)*11*-6. Let k = 34 - v. Calculate the greatest common divisor of s and k.
12
Let a(f) = -f**2 - 5*f - 7*f + 5*f - 14*f - 86. Let s be a(-6). What is the highest common divisor of 4 and s?
4
Suppose -123*b + 66*b + 3192 = 0. Calculate the highest common divisor of b and 868.
28
Let l be (-1)/(3/495*-3). Let i(v) = -13*v - 23. Let m be i(-4). Suppose 5*y - 2*r = 2*r + m, -5 = -2*y - 5*r. Calculate the greatest common factor of l and y.
5
Let m = -2386 - -2902. Calculate the greatest common factor of 12 and m.
12
Let h be (-4)/3 + 1 - 130/6. Let o = -20 - h. Suppose -u + o*u - 396 = 0. Calculate the highest common divisor of 36 and u.
36
Suppose 1478 = 6*r - 7972. Let v be (-2)/((-3)/(-7) + (-717)/r). What is the greatest common divisor of 3 and v?
3
Let g = -7673 - -7913. What is the highest common divisor of 1080 and g?
120
Suppose 0*w = u - w + 2, 0 = -2*u + 4*w - 10. Let y = -147 - -147. Let b be (1*(77 - 3) - y) + u. Calculate the highest common divisor of 50 and b.
25
Suppose -2*x = 3*z - 1546, -z + 28 = x - 489. What is the greatest common divisor of 1344 and z?
64
Let o be -1 - ((-3)/6*6 - 25). Suppose -5*y + 133 = h, 0*y + 4*h = -5*y + 127. What is the greatest common factor of y and o?
27
Suppose 0 = -3*u - z + 3436, 3*z + 0*z = 12. What is the highest common factor of 88 and u?
88
Let a = -310 + 439. Calculate the highest common factor of a and 559.
43
Let f = 11 + 189. Let y = f + -104. Suppose 0 = 6*d + 1213 - 1405. What is the highest common factor of y and d?
32
Suppose 2*l + 5*g - 405 = 0, 5*l - 10 = -3*g + 974. What is the greatest common factor of 375 and l?
15
Suppose 80*i = 373*i - 6479109. Calculate the greatest common divisor of 546 and i.
273
Let n be 3 + ((-206)/927 - (-21521)/9). What is the highest common divisor of 882 and n?
126
Suppose 22*d = 18*d + 44. Let m(u) = 6*u - 22. Let p be m(d). Calculate the greatest common divisor of p and 4.
4
Suppose -21054 = 49*p - 20*p. Let y be p/(-36) + ((-65)/(-30))/(-13). What is the highest common divisor of 290 and y?
10
Let z be -4*5/40*((-11 - -8) + -163). What is the highest common divisor of 25979 and z?
83
Let n(q) = -458*q - 31595. Let x be n(-69). Let a = -4 + 6. Suppose -2*f = 5*y - 134, -f + 53 = 4*y - a*y. Calculate the greatest common factor of x and y.
7
Let b(s) = -s**2 - 112*s - 632. Let d be b(-99). What is the highest common factor of 1179 and d?
131
Let q(j) = -5*j**3 - 185*j**2 - 22*j - 54. Let u be q(-37). Calculate the highest common factor of 133 and u.
19
Let r = -1743 - -2247. What is the greatest common factor of r and 168?
168
Suppose 12*u + 11*u = 35*u - 156. Calculate the highest common factor of u and 91.
13
Let d(i) = 7*i**3 + 8*i**2 + i + 1. Let x be d(-1). Calculate the highest common factor of 43 and x.
1
Suppose -43*t - 17*t - 1037 + 3437 = 0. Suppose 2*i + 716 = 4*d, -d + 5*i = -3*d + 370. Calculate the greatest common divisor of t and d.
20
Let g(q) = 5*q**3 + 2*q. Let t be g(2). Let r = t + -38. Suppose -r*u + 27 = -27. Calculate the highest common factor of 72 and u.
9
Let a = -56 + 53. Let m be (-4)/24*a - (-153)/6. Suppose z = -5*n + m, -4*z + 3*n + 74 = z. What is the highest common factor of z and 8?
8
Let v(s) = -378*s + 1179. Let g be v(3). Calculate the greatest common divisor of g and 3960.
45
Suppose 3*w + 15 = 0, -5*w = 97*c - 98*c + 1838. Calculate the highest common divisor of c and 1323.
49
Let n(p) = -4*p + 17. Let r be n(-9). Let g = r + -53. Suppose g = u - 19 - 37. What is the highest common divisor of 7 and u?
7
Let z be 14/91 - (-84)/130 - 1732/(-10). What is the highest common factor of z and 24?
6
Let k be 9 - (11 - 11) - -102. What is the greatest common divisor of 45 and k?
3
Suppose -8*r + 94 = 526. Let l be r/72 + (-62)/(-8). Calculate the highest common factor of l and 133.
7
Let y(u) = 898*u - 8942. Let a be y(10). Let o be 6/4*(2 + 36). What is the highest common divisor of a and o?
19
Let g = 2 - -7. Let m = -163 - -147. Let u(z) = -z**3 - 18*z**2 - 36*z - 37. Let v be u(m). Calculate the greatest common divisor of v and g.
9
Let o(q) = 3*q**2 + 1. Suppose -22 + 26 = 2*b + 2*z, -4*b - 17 = -z. Let j be o(b). Calculate the greatest common factor of j and 448.
28
Suppose -l + t = -636, -5*t + 7*t + 3183 = 5*l. Let b = 1 - -12. Calculate the highest common factor of l and b.
13
Let k(q) = q**3 + 190315 + 0*q + 2*q - 190328 - q**2. Let n be k(3). Let l be 4/14 + (-612)/(-14). Calculate the greatest common factor of l and n.
11
Let s(w) = 531*w + 1120. Let i be s(9). What is the highest common divisor of i and 17?
17
Suppose 75*k - 2117 = 74*k. What is the highest common factor of k and 511?
73
Let c = 3825 - 3820. Suppose 0 = -0*b + 5*b. Suppose b = -4*f + 208 - 68. Calculate the highest common divisor of c and f.
5
Suppose -2*u = -5*q + 194, 3*q - 86 = u + 31. Let p(w) = 3*w**2 + 33*w + 140. Let v be p(-5). What is the highest common divisor of q and v?
10
Suppose -59*r + 62*r - 290 = -4*n, -4*r = -n - 412. Calculate the greatest common divisor of 1122 and r.
102
Let w be 3/(((-2)/(-25))/(4/15)). Let y be ((-114)/(-15) - 8) + 74/w. Calculate the highest common divisor of y and 112.
7
Let u = 10977 + -9361. What is the highest common divisor of 707 and u?
101
Let d(z) = -z**2 - 37*z + 1545. Let q be d(-53). Calculate the greatest common divisor of q and 1003.
17
Suppose 3*i + 4*f = -0*i + 129, -4*i + 168 = 4*f. Suppose i - 45 = -2*x. Suppose -39 